e
Is 17707 a composite number?
False
Is 181037 a composite number?
True
Is 91837 composite?
False
Is 98999 composite?
False
Is 273773 a prime number?
True
Is 1092739 prime?
False
Is 151699 a composite number?
True
Is 34841 a prime number?
True
Is 55469 prime?
True
Is 389621 a prime number?
True
Is 188027 a prime number?
False
Is 378149 a prime number?
True
Is 138297 composite?
True
Is 1047031 composite?
False
Is 85993 a composite number?
True
Is 13703 prime?
False
Is 25391 composite?
False
Is 11667 a composite number?
True
Is 74189 a composite number?
False
Is 24371 prime?
True
Is 53069 composite?
False
Is 19361 composite?
True
Is 1415 composite?
True
Is 159 prime?
False
Is 23719 prime?
True
Is 1083305 a prime number?
False
Is 51031 a prime number?
True
Is 2767 a composite number?
False
Is 376711 a composite number?
True
Is 693761 a composite number?
True
Is 6767 prime?
False
Is 19167 composite?
True
Is 1901117 composite?
False
Is 603191 a prime number?
True
Is 270843 a composite number?
True
Is 24281 composite?
False
Is 134471 prime?
True
Is 93463 a composite number?
False
Is 635683 composite?
True
Is 701447 composite?
False
Is 179779 composite?
False
Is 13094 prime?
False
Is 205991 composite?
False
Is 7997 a composite number?
True
Is 5513 a prime number?
False
Is 24082 prime?
False
Is 2832281 composite?
True
Is 9481 a prime number?
False
Is 2461501 a composite number?
True
Is 60061 a composite number?
True
Is 2641021 prime?
False
Is 4861 a composite number?
False
Is 423935 a prime number?
False
Is 12151 prime?
False
Is 1192627 prime?
False
Is 11246 a prime number?
False
Is 286177 a composite number?
True
Is 27127 composite?
False
Is 22061 composite?
True
Is 74017 prime?
True
Is 254119 a prime number?
True
Is 19099 composite?
True
Is 91046 composite?
True
Is 3787 composite?
True
Is 448639 a composite number?
True
Is 776959 composite?
True
Is 447637 a prime number?
True
Is 437 composite?
True
Is 12497 prime?
True
Is 1559807 prime?
True
Is 749 a composite number?
True
Is 94771 a composite number?
False
Is 1102537 prime?
True
Is 5509 prime?
False
Is 7237 composite?
False
Is 264359 prime?
True
Is 937798 a prime number?
False
Is 1087 a prime number?
True
Is 14267 a prime number?
False
Is 16343 prime?
False
Is 709 a prime number?
True
Is 40997 a prime number?
False
Is 13063 a prime number?
True
Is 83 composite?
False
Is 41491 a composite number?
False
Is 77629 a prime number?
False
Is 140587 a prime number?
True
Is 535687 a composite number?
True
Is 4049 prime?
True
Is 1747 composite?
False
Is 52031 a prime number?
False
Is 56617 a composite number?
True
Is 7891 composite?
True
Is 320709 prime?
False
Is 20681 a composite number?
False
Is 47869 a composite number?
False
Is 91779 prime?
False
Is 742499 composite?
False
Is 112787 prime?
True
Is 249311 composite?
False
Is 9521 a composite number?
False
Is 5807 a prime number?
True
Is 435103 a composite number?
False
Is 58033 a composite number?
True
Is 419 a prime number?
True
Is 29899 a prime number?
False
Is 111737 a prime number?
False
Is 3435605 a composite number?
True
Is 187 composite?
True
Is 226471 prime?
False
Is 25013 prime?
True
Is 170103 a prime number?
False
Is 634 composite?
True
Is 519 prime?
False
Is 37097 a prime number?
True
Is 6385 a prime number?
False
Is 941543 a prime number?
False
Is 29663 prime?
True
Is 18659 prime?
False
Is 1277 a composite number?
False
Is 28463 a composite number?
False
Is 11519 prime?
True
Is 15815 prime?
False
Is 1179527 a prime number?
True
Is 39439 prime?
True
Is 10221 a prime number?
False
Is 4269 composite?
True
Is 26479 a composite number?
False
Is 1023743 prime?
False
Is 547251 prime?
False
Is 1151 a prime number?
True
Is 327 a composite number?
True
Is 1847 a prime number?
True
Is 285185 composite?
True
Is 1397 a prime number?
False
Is 171851 prime?
True
Is 31007 a prime number?
False
Is 3453 composite?
True
Is 529 prime?
False
Is 8399 a prime number?
False
Is 67627 composite?
True
Is 7187 composite?
False
Is 3713 a prime number?
False
Is 851189 prime?
False
Is 26311 prime?
False
Is 3821 composite?
False
Is 2881 composite?
True
Is 67861 composite?
True
Is 425299 a composite number?
True
Is 9865 a composite number?
True
Is 507347 prime?
True
Is 286831 a composite number?
False
Is 1191 a composite number?
True
Is 202 prime?
False
Is 36919 a prime number?
True
Is 415409 composite?
False
Is 803 a composite number?
True
Is 1075933 a composite number?
True
Is 231907 composite?
True
Is 445 composite?
True
Is 148091 prime?
True
Is 257183 a composite number?
True
Is 32629 a composite number?
True
Is 25378 a composite number?
True
Is 365051 prime?
False
Is 178418 composite?
True
Is 1349189 prime?
True
Is 10921 a composite number?
True
Is 65451 composite?
True
Is 109931 prime?
False
Is 4271 composite?
False
Is 23461 a composite number?
True
Is 425927 composite?
True
Is 71926 a composite number?
True
Is 2462827 composite?
False
Is 326773 a prime number?
True
Is 18197 a prime number?
False
Is 51141 a prime number?
False
Is 198221 a prime number?
True
Is 11099 a prime number?
False
Is 1058353 a prime number?
True
Is 48637 composite?
True
Is 1467337 prime?
True
Is 66221 prime?
True
Is 64299 prime?
False
Is 127189 prime?
True
Is 111179 a prime number?
False
Is 62438 composite?
True
Is 12667 a prime number?
False
Is 31585 a prime number?
False
Is 164651 prime?
False
Is 117787 a prime number?
True
Is 104941 prime?
False
Is 42583 prime?
False
Is 4717 a prime number?
False
Is 521998 a prime number?
False
Is 63793 composite?
False
Is 26929 prime?
False
Is 9151 a composite number?
False
Is 385057 a composite number?
False
Is 14107 prime?
True
Is 104459 composite?
False
Is 22469 prime?
True
Is 564899 composite?
False
Is 10607 composite?
False
Is 114713 prime?
True
Is 169557 a composite number?
True
Is 111577 prime?
True
Is 110477 a prime number?
True
Is 48133 composite?
True
Is 914237 composite?
False
Is 544498 a composite number?
True
Is 932359 prime?
False
Is 1081979 composite?
False
Is 318581 a composite number?
False
Is 33 a prime number?
False
Is 243073 composite?
False
Is 49733 a composite number?
True
Is 9663 prime?
False
Is 5923 composite?
False
Is 2809 a composite number?
True
Is 757 prime?
True
Is 414841 a composite number?
True
Is 29635 composite?
True
Is 42341 composite?
True
Is 300973 a composite number?
False
Is 52489 a prime number?
True
Is 23073 a composite number?
True
Is 1750159 a prime number?
True
Is 743549 prime?
True
Is 1055 composite?
True
Is 115033 prime?
False
Is 49682 a prime number?
False
Is 2051 a prime number?
False
Is 43157 composite?
True
Is 343841 composite?
True
Is 87449 a composite number?
True
Is 1161617 a prime number?
True
Is 14143 a prime number?
True
Is 199453 a composite number?
False
Is 75662 a composite number?
True
Is 16733 composite?
True
Is 25958 composite?
True
Is 799583 prime?
False
Is 205613 a composite number?
True
Is 10747 prime?
False
Is 541 a prime number?
True
Is 555419 composite?
False
Is 33541 composite?
True
Is 1634339 prime?
False
Is 123677 prime?
True
Is 49263 composite?
True
Is 2130074 a prime number?
False
Is 5312591 composite?
False
Is 11203 prime?
False
Is 3237145 a composite number?
True
Is 649697 prime?
True
Is 440447 prime?
False
Is 1345 composite?
True
Is 79579 prime?
True
Is 124979 a composite number?
False
Is 945289 composite?
False
Is 4427 a composite number?
True
Is 378901 a prime number?
True
Is 442951 a prime number?
False
Is 81611 composite?
False
Is 34415 a composite number?
True
Is 913 composite?
True
Is 113585 composite?
True
Is 7897 a prime number?
False
Is 15017 composite?
False
Is 98561 prime?
True
Is 2539 a prime number?
True
Is 12287 prime?
False
Is 2132329 a prime number?
False
Is 1793 prime?
False
Is 5513 a composite number?
True
Is 60719 a prime number?
True
Is 8654 a composite number?
True
Is 276499 prime?
True
Is 47911 prime?
True
Is 492019 prime?
False
Is 5124001 composite?
False
Is 11369 a prime number?
True
Is 169259 a composite number?
False
Is 374879 a prime number?
True
Is 55987 composite?
False
Is 18237 a composite number?
True
Is 523169 composite?
False
Is 49363 a composite number?
False
Is 16673 prime?
True
Is 28039 composite?
True
Is 254 a prime number?
False
Is 667162 a co